97?
1690
Calculate the remainder when 115084 is divided by 14035.
2804
Calculate the remainder when 296839 is divided by 71.
59
What is the remainder when 19313726 is divided by 205465?
16
What is the remainder when 5781 is divided by 951?
75
What is the remainder when 16248 is divided by 15861?
387
Calculate the remainder when 238535 is divided by 79419.
278
What is the remainder when 8018858 is divided by 3269?
1
What is the remainder when 96295929 is divided by 4033?
4021
What is the remainder when 765395 is divided by 124?
67
Calculate the remainder when 59806 is divided by 59371.
435
Calculate the remainder when 7527 is divided by 476.
387
Calculate the remainder when 648828 is divided by 249.
183
Calculate the remainder when 17769 is divided by 599.
398
Calculate the remainder when 3623698 is divided by 67.
3
What is the remainder when 597186 is divided by 42551?
1472
Calculate the remainder when 8270275 is divided by 4914.
13
What is the remainder when 123321 is divided by 60952?
1417
What is the remainder when 32243301 is divided by 93?
15
Calculate the remainder when 295194 is divided by 6374.
1990
What is the remainder when 1248795 is divided by 50?
45
Calculate the remainder when 304844 is divided by 921.
914
What is the remainder when 1119420 is divided by 13?
3
What is the remainder when 3961195 is divided by 3?
1
What is the remainder when 3256527 is divided by 702?
651
Calculate the remainder when 308244 is divided by 1181.
3
Calculate the remainder when 34872188 is divided by 930.
908
What is the remainder when 4012651 is divided by 1337481?
208
What is the remainder when 12488 is divided by 644?
252
What is the remainder when 49346 is divided by 16287?
485
Calculate the remainder when 240238 is divided by 41.
19
Calculate the remainder when 75304 is divided by 9247.
1328
Calculate the remainder when 1105257 is divided by 184206.
21
Calculate the remainder when 1231139 is divided by 286.
195
What is the remainder when 6850624 is divided by 3256?
0
What is the remainder when 6785219 is divided by 1557?
1370
Calculate the remainder when 55605862 is divided by 145185.
7
Calculate the remainder when 281777 is divided by 140533.
711
What is the remainder when 145815506 is divided by 18?
8
Calculate the remainder when 9484927 is divided by 91.
88
Calculate the remainder when 703860 is divided by 838.
778
What is the remainder when 2839386 is divided by 687?
15
Calculate the remainder when 6543864 is divided by 1687.
1678
Calculate the remainder when 3556536 is divided by 270.
96
Calculate the remainder when 113957 is divided by 164.
141
Calculate the remainder when 20481605 is divided by 4107.
4103
What is the remainder when 112987 is divided by 28244?
11
Calculate the remainder when 576224 is divided by 191169.
2717
What is the remainder when 9435847 is divided by 170?
167
What is the remainder when 5928640 is divided by 234?
16
Calculate the remainder when 397294 is divided by 132395.
109
Calculate the remainder when 3410578 is divided by 24.
10
What is the remainder when 88037302 is divided by 92?
18
What is the remainder when 25478995 is divided by 116?
59
What is the remainder when 18684548 is divided by 415212?
8
Calculate the remainder when 443143 is divided by 2.
1
What is the remainder when 2208522 is divided by 113?
50
Calculate the remainder when 42780 is divided by 19574.
3632
What is the remainder when 602588 is divided by 300754?
1080
Calculate the remainder when 56293 is divided by 2365.
1898
What is the remainder when 214190 is divided by 15?
5
What is the remainder when 107136330 is divided by 70?
0
What is the remainder when 3352175 is divided by 86?
67
What is the remainder when 50408504 is divided by 2609?
15
What is the remainder when 15189356 is divided by 149?
147
What is the remainder when 305279721 is divided by 3642?
3639
Calculate the remainder when 27258571 is divided by 4543093.
13
Calculate the remainder when 14729549 is divided by 1059.
977
What is the remainder when 9358132 is divided by 117?
4
What is the remainder when 40134042 is divided by 40134028?
14
What is the remainder when 15673 is divided by 5844?
3985
Calculate the remainder when 1883391 is divided by 313894.
27
Calculate the remainder when 52685 is divided by 343.
206
Calculate the remainder when 1219409 is divided by 47.
41
What is the remainder when 6411640 is divided by 242?
92
What is the remainder when 398755 is divided by 8856?
235
What is the remainder when 3762934 is divided by 940622?
446
What is the remainder when 287909478 is divided by 7?
3
Calculate the remainder when 98001372 is divided by 14160.
12
Calculate the remainder when 2397687 is divided by 74.
13
Calculate the remainder when 131857 is divided by 76.
73
Calculate the remainder when 15691408 is divided by 9.
7
Calculate the remainder when 7122515 is divided by 181.
165
What is the remainder when 42413383 is divided by 357?
355
Calculate the remainder when 93803 is divided by 322.
101
Calculate the remainder when 337863 is divided by 3017.
2976
Calculate the remainder when 1738725 is divided by 401.
390
Calculate the remainder when 9366674 is divided by 772.
770
What is the remainder when 980126 is divided by 3859?
3799
Calculate the remainder when 21538501 is divided by 5138.
5
What is the remainder when 576992 is divided by 569?
26
What is the remainder when 854929 is divided by 448?
145
What is the remainder when 47937389 is divided by 653?
6
What is the remainder when 84719 is divided by 53?
25
Calculate the remainder when 1925332499 is divided by 2366.
2365
What is the remainder when 114792 is divided by 1826?
1580
Calculate the remainder when 5999469 is divided by 55041.
0
Calculate the remainder when 1769311 is divided by 69.
13
What is the remainder when 176310 is divided by 6078?
48
What is the remainder when 5708636 is divided by 1513?
87
Calculate the remainder when 56273 is divided by 14026.
169
What is the remainder when 986264 is divided by 43?
16
What is the remainder when 1160436 is divided by 145033?
172
What is the remainder when 4474510 is divided by 90?
70
What is the remainder when 1024665 is divided by 1466?
1397
Calculate the remainder when 22331386 is divided by 643.
639
Calculate the remainder when 278280 is divided by 34784.
8
Calculate the remainder when 1370956 is divided by 149.
7
Calculate the remainder when 35146653 is divided by 456.
453
Calculate the remainder when 19946950 is divided by 45855.
25
What is the remainder when 5158690 is divided by 37?
2
What is the remainder when 7171815 is divided by 163?
141
Calculate the remainder when 2598955 is divided by 27.
16
Calculate the remainder when 589865 is divided by 956.
13
What is the remainder when 507872077 is divided by 39?
37
What is the remainder when 58214012 is divided by 448?
444
Calculate the remainder when 172318 is divided by 6892.
18
What is the remainder when 11956050 is divided by 5978008?
34
Calculate the remainder when 36868 is divided by 463.
291
Calculate the remainder when 1500774 is divided by 1500649.
125
Calculate the remainder when 734416 is divided by 16318.
106
What is the remainder when 94054258 is divided by 4252?
18
What is the remainder when 13994 is divided by 3435?
254
Calculate the remainder when 3294110 is divided by 253392.
14
Calculate the remainder when 15966182 is divided by 7983087.
8
What is the remainder when 4063997 is divided by 50?
47
What is the remainder when 195522 is divided by 2678?
28
Calculate the remainder when 261612 is divided by 23.
10
Calculate the remainder when 4632 is divided by 381.
60
Calculate the remainder when 516403 is divided by 821.
815
Calculate the remainder when 916652 is divided by 5765.
17
Calculate the remainder when 98977 is divided by 862.
709
What is the remainder when 1036572 is divided by 61?
60
Calculate the remainder when 1587980 is divided by 21753.
11
What is the remainder when 50786877 is divided by 120?
117
Calculate the remainder when 397787 is divided by 11501.
6753
Calculate the remainder when 385155 is divided by 587.
83
Calculate the remainder when 8134 is divided by 3431.
1272
What is the remainder when 4390871 is divided by 308?
23
Calculate the remainder when 572334 is divided by 286117.
100
C